the greatest common factor of f and q.
6
Suppose 5*z - 10 = -0. Suppose d - 13 = -o + 4*d, 3*o - d - 63 = 0. What is the highest common factor of o and z?
2
Let f(v) = -7*v**3 + 11*v + 12. Let h(j) = 3*j**3 - 5*j - 6. Let g(w) = -4*f(w) - 9*h(w). Let r be g(0). Calculate the highest common factor of r and 48.
6
Let r = 30 - 21. Let t be 4/(-30) + 959/105. Suppose -4*h + t*h - 225 = 0. What is the greatest common factor of r and h?
9
Let g be (-844)/(-6) + 12/(-18). Suppose -m + 6*m - g = 0. What is the greatest common factor of 70 and m?
14
Suppose 0 = 2*b + 2*b - 64. Suppose -5*t + 5*o = -188 + 13, -3*o + 95 = 2*t. What is the greatest common divisor of t and b?
8
Let q(b) = -b**3 + 2*b**2 + b - 2. Let l be q(2). Suppose -24 = -4*f - l*f. Suppose -a - 1 + f = 0. Calculate the highest common factor of 2 and a.
1
Suppose 0*p = 3*p - 45. What is the highest common divisor of p and 120?
15
Suppose g = 5 + 3. Let b = -7 - -95. Calculate the highest common divisor of b and g.
8
Let q(d) = 13*d - 63. Let s be q(7). What is the highest common factor of s and 280?
28
Suppose 2*v = 3*x + 5, 3*v - 5*x - 5 = 1. Calculate the highest common divisor of 77 and v.
7
Let n(z) = -z**2 + 17*z - 15. Let t be n(6). Calculate the greatest common divisor of 34 and t.
17
Let q(i) = 2*i**2 + i - 1. Let y be q(-2). Suppose -y*x = f - 100, -x - 3*f = -4*f - 26. Calculate the highest common divisor of x and 7.
7
Suppose 5 = s - 5. Let i = 15 - s. Let w be (-8)/(-10) - 392/(-10). What is the greatest common factor of w and i?
5
Let p(a) = a**2 + 17*a + 21. Let y be p(-16). Suppose y*x + 0 - 62 = 4*s, 0 = -4*x + 4*s + 52. What is the highest common divisor of x and 10?
10
Suppose 2*w = -2*w - 68. Let z = w + 65. Calculate the highest common divisor of z and 72.
24
Let m = -8 + 113. Suppose -q = -0*q + 8. Let o be (42/8)/((-2)/q). What is the greatest common divisor of o and m?
21
Suppose 4*b - 30 = -2*n - 3*n, 5*b = -25. What is the highest common divisor of n and 5?
5
Suppose 4*s = -3*i + 20 + 7, 2*s = -i + 15. Let b = 36 + s. Suppose 13 = 3*p - 2. Calculate the greatest common factor of b and p.
5
Let s = -16 - -21. What is the greatest common divisor of 10 and s?
5
Suppose -n + 30 = -5*c, n + 54 = 4*n + 3*c. What is the greatest common divisor of n and 10?
10
Let p = -5 + 124. What is the greatest common factor of 17 and p?
17
Let n(b) = b - 4. Let y be n(6). Let f be (-2)/(-4) + (-45)/(-18). Calculate the highest common factor of f and y.
1
Suppose -4*s + 3*s = -60. Suppose 5*w + 0*w - s = 0. What is the highest common factor of w and 8?
4
Suppose -20 = 4*m, u = -2*m + 6 + 3. Suppose 4*o - 4*f = 844, 0*o = -5*o + 2*f + 1049. Calculate the highest common divisor of o and u.
19
Let d = 22 - 17. Suppose -2*x - 2*x + 8 = 0. Let n be (-1)/(x + -1)*-40. What is the greatest common divisor of d and n?
5
Let u = -26 - -18. Let q(m) = 3*m**2 + 3*m - 3. Let w be q(u). Calculate the highest common factor of 15 and w.
15
Let t be 4/(-10) + 46/(-10). Let p(n) = -5*n - 5. Let d be p(t). Let l be 10*(-3)/(-24)*4. What is the highest common factor of l and d?
5
Let l be -14*2*1/(-4). Let q = 10 - l. Suppose 3 = -q*c, -2*c - 2*c = -3*u + 40. Calculate the greatest common divisor of 6 and u.
6
Let o = 21 + 7. Let f = 64 - o. Suppose 0 = -s - 142 + 196. Calculate the greatest common divisor of f and s.
18
Let r be (-8)/(-2)*(-10)/(-8). Suppose -r*p = -b + 97, -4*p + 5*b - b = 68. Let q be (p/6)/(1/(-3)). Calculate the greatest common factor of q and 15.
5
Suppose -25*q + 299 = -2*q. Calculate the highest common divisor of 39 and q.
13
Let f = 78 - 70. What is the highest common factor of f and 24?
8
Let f(z) = z**2 - z. Let g be f(-1). Let i be 4/g + -3 - 5. Let b(p) = p**3 + 5*p**2 - 7*p - 1. Let a be b(i). Calculate the highest common divisor of a and 40.
5
Let k = 0 - 2. Let y be 8/(k/8*-2). Let q = 37 - -75. Calculate the greatest common divisor of q and y.
16
Suppose -2*r = -4*i - 96, i + 5 = -r - 13. Let o = i + 42. Calculate the greatest common factor of 2 and o.
2
Let w(s) = -s**3 + 6*s**2 - 3*s - 2. Let p be w(4). What is the greatest common factor of 45 and p?
9
Let s = 43 - 20. Suppose s = 5*k - 62. Let p = 595 + -408. Calculate the greatest common factor of p and k.
17
Suppose -2*u = u - 96. What is the greatest common divisor of 8 and u?
8
Suppose 0 = -5*h - 25, -h + 92 = 4*y - 5*h. What is the greatest common factor of y and 27?
9
Let r(a) = 4*a + 3*a**2 + 2 - 2*a + 2 - a. Let y be r(-3). What is the highest common factor of y and 14?
14
Let q(l) = l**2 - 8*l - 1. Suppose 24 = -3*d + 3*n, -2*n - 2 = d + 3*n. Let w be q(d). What is the greatest common factor of w and 13?
13
Let y = 209 + -153. What is the greatest common divisor of y and 8?
8
Suppose -11*r = -7*r - 40. Suppose -3*g + 324 = n + 2*n, -224 = -2*n + 2*g. Calculate the highest common factor of n and r.
10
Let t be 105/2 + 2/(-4). Suppose x + t = 5*x. Let s(g) = -13*g. Let f be s(-8). Calculate the greatest common factor of f and x.
13
Suppose -7*q + 174 + 274 = 0. Suppose h + 24 = 4*h - 4*a, 4*a = -3*h + 24. Suppose 0 = -i + h. What is the highest common divisor of q and i?
8
Suppose 7*f + 11 - 32 = 0. Calculate the highest common divisor of 3 and f.
3
Suppose 20 = -4*w, 2*w - 6*w - 46 = -f. What is the greatest common divisor of 208 and f?
26
Suppose h - 2*k - 77 = -0*k, 1 = -k. What is the highest common factor of 30 and h?
15
Let i = 5 - -10. Suppose i = 3*j - 0. Suppose v + 5 + 2 = j*z, 8 = 2*z - 3*v. What is the highest common divisor of z and 7?
1
Let c(o) = 6*o**2 - o. Let n be c(-1). Let l = 93 + -30. What is the highest common factor of n and l?
7
Let j = 8 + -6. Suppose 0 = -4*y + j*v + 46, 0 = -5*y + 8*v - 3*v + 55. What is the highest common divisor of y and 84?
12
Suppose 10*j = 125 - 5. Suppose -5*y = 5*g - 125, -1 + 21 = -4*g. Calculate the greatest common factor of y and j.
6
Let x be ((-40)/(-25))/(2/25). Suppose 0 = 2*b + 2*b - x. What is the greatest common factor of b and 40?
5
Let t be (-284)/(-6) - -3*4/18. Let m = 0 + -1. Let a = m + 7. Calculate the highest common factor of t and a.
6
Suppose -5*t - 4*j = 26 - 66, t - 2*j = -6. Suppose -5*k + 18 = -t*k. What is the highest common divisor of k and 9?
9
Let x be (0 + 1)/((-1)/(-5)). Let z(v) = -7*v**3 + 5*v**2 - 2*v. Let r be z(3). Let c be -2*(r/4)/5. What is the highest common divisor of c and x?
5
Let s = -16 - -56. Let c be (-57)/(-11) - 6/33. Calculate the greatest common factor of s and c.
5
Suppose 7*i - 359 = 26. Calculate the highest common factor of 440 and i.
55
Let m = 76 - 46. Calculate the greatest common factor of 6 and m.
6
Suppose -2*p + 16 = -5*w - 4, 3*p - 4*w - 23 = 0. Suppose y - 20 = -2*t, p*t + 3*y = 3*t + 28. What is the greatest common divisor of t and 16?
8
Let a be 1 - 2 - (-139 + 2). Let x(g) = 6*g - 5 - 11*g + 7*g. Let k be x(11). What is the greatest common divisor of k and a?
17
Let z be 4/(-14) + (-214)/(-14). Let s be 0/((-2)/(2 - 0)). Let y be 12*(s + 1/2). What is the greatest common factor of y and z?
3
Let q(r) = -6*r**2 - 3*r + 3*r**2 - r**3 + 6 - 3*r**2. Let g be q(-5). Let n be 12*g/9*-3. Calculate the greatest common divisor of n and 48.
16
Suppose -p - 2*p = -45. Suppose -6*j + p = -j. What is the greatest common divisor of 9 and j?
3
Suppose -y + 0*y + 4*c + 26 = 0, -5*y + 73 = -c. What is the greatest common factor of 112 and y?
14
Suppose -2*c + z + 328 = 0, 4*z - 201 - 137 = -2*c. Let o = 1 + 14. Calculate the highest common divisor of c and o.
15
Let k(w) = -w**2 + 7*w + 8. Let z be k(7). Suppose z = u - 4. Let t = 179 - 83. What is the greatest common divisor of t and u?
12
Suppose 0*y - 3*y = 0. Suppose -4*r - 22 = -2*s, -2*s + 0*r - 4*r + 46 = y. Calculate the greatest common factor of s and 17.
17
Let j = 46 - -14. Calculate the highest common factor of j and 15.
15
Let d = -2 + 4. Suppose 0 = -d*g + 7*g - 80. Let a be (g/(-6))/(18/(-27)). Calculate the highest common divisor of 1 and a.
1
Let l = -59 - -22. Let h = l - -71. What is the greatest common factor of 85 and h?
17
Let v(h) = h**3 + 6*h**2 + 3*h + 3. Let t be v(-5). Suppose 9*g = 229 + 5. What is the greatest common divisor of t and g?
13
Suppose -3*s + 5 + 12 = -a, 0 = -s + 3*a + 11. Suppose 2*o - 40 = -2*o. Calculate the gr